2*j - 6*j, -j = -5*x + 30. What are the prime factors of x?
5
Suppose 3*u + 3 = -6. Let t = 18 - u. What are the prime factors of t?
3, 7
Suppose -2*m + 2*w = 4, -28 = -4*m + 8*m + w. Let z = 3 - 2. What are the prime factors of 3/((-3)/m + z)?
2
Let m(i) = -i**3 - 2*i**2 + 5*i + 5. Let l be m(-5). Suppose -3*p + 59 = -l. Suppose z = -5*w + p, -4*w - 4*z + 43 = z. List the prime factors of w.
7
Let z be 1/((-1)/(-10)) + -4. Suppose -4*w = 5*j + z, j - 2*j - w - 2 = 0. List the prime factors of j.
2
Let v(l) = l + 3. Let j be v(-9). Let w = j + 9. Suppose 0 = -w*z + 1 + 5. List the prime factors of z.
2
Let r = 34 - 4. List the prime factors of r.
2, 3, 5
Suppose -11*r = -6*r + 10. List the prime factors of (-1 - r)*(4 - -1).
5
Suppose -5*i = -4*h + 33, h - 26 = -2*h + 4*i. List the prime factors of h*(0 - 2 - -3).
2
Suppose -j - 3*j - 4*k + 20 = 0, 3*k = 4*j + 1. Suppose q = -j*q + 15. What are the prime factors of q?
5
Let j(l) = -l**3 + 2*l**2 + 3*l + 4. Let k be j(4). What are the prime factors of ((-88)/k)/(2/12)?
3, 11
Suppose -2*g = -3*g. Suppose -5*v - 2*y - 2*y + 117 = g, -93 = -5*v + 4*y. What are the prime factors of v?
3, 7
Let z(n) = -5*n**2 + 12*n - 3. Let q(a) = -a**2 + 3*a - 1. Let d(b) = 9*q(b) - 2*z(b). List the prime factors of d(4).
5
Let l(c) = c - 18. Let f(s) = -2*s + 18. Let b(p) = -2*f(p) - 3*l(p). Let v be b(0). Suppose j = -0*j - 4, -2*i = -2*j - v. What are the prime factors of i?
5
Let f = 69 + -44. Let v = f - 18. List the prime factors of v.
7
Suppose 4*l = -2*v + 4 + 214, 2*l = -5*v + 105. What are the prime factors of l?
5, 11
Let a = -6 + 9. Suppose s + a*b = 18 + 1, 2*b = 5*s - 78. What are the prime factors of s?
2
Suppose -3*r + 3*c = -30, 1 + 43 = 4*r - 2*c. Let p = 24 - r. List the prime factors of p.
2, 3
Let p(d) = -d**2 + 7*d + 6. Let x = 0 - -9. Let g be p(x). Let a = -8 - g. What are the prime factors of a?
2
Let t(u) = u**2 + 14*u + 12. List the prime factors of t(-14).
2, 3
Let g(v) = v + 13. Let w = -21 + 12. Let m be g(w). What are the prime factors of (-3)/(3/(-2)) + m?
2, 3
Let f be (18/8 + -3)*-28. Let r = f + -14. List the prime factors of r.
7
Suppose -3*v - 508 + 1564 = 0. List the prime factors of v.
2, 11
Let s = 10 + 56. What are the prime factors of s?
2, 3, 11
Suppose -2*v + 8 = 0, 3*u + 5*v = -2*u + 630. What are the prime factors of u/18 + 14/63?
7
Let b(c) = -c**3 + 4*c**2 - 4*c + 2. Let s = 58 - 22. Let q be (-2)/5 - s/(-15). List the prime factors of b(q).
2
Suppose 2*p - 1 = -7. List the prime factors of -3*6/p*2.
2, 3
Let f(w) = w + 3. Let r be f(-3). Suppose -2*l = -5*l - 9, r = -4*c - 2*l - 6. Suppose -i + 2 = p - c*i, -2*p - 5*i = 11. What are the prime factors of p?
7
Let d(j) be the first derivative of -j**2/2 - 3. List the prime factors of d(-6).
2, 3
Suppose -20 - 1 = 3*f. What are the prime factors of f/(14/(-20))*1?
2, 5
Suppose -4*n + 4*x + 37 = -63, 38 = 2*n + x. Suppose -n = 3*p + m, p + 5*m = 3*m - 12. Let l = p + 11. List the prime factors of l.
5
Let y = -5 + 13. Let d = y + -4. Suppose d*m - 5*m + 21 = 0. List the prime factors of m.
3, 7
Suppose -4*r = -5*p - 146, 0*r + 168 = 5*r + p. List the prime factors of r.
2, 17
Let v(x) = 3*x**3 + 5*x**2 - 23*x + 3. Let c(s) = -s**3 - 2*s**2 + 8*s - 1. Let r(t) = 17*c(t) + 6*v(t). List the prime factors of r(5).
2
Suppose 0*v + 16 = 4*v. Let q(c) = c**3 + 5*c**2 + 3*c - 4. Let y be q(-3). Let h = y + v. What are the prime factors of h?
3
Let a(o) = -2*o**3 + 3*o**3 + 4*o + 3*o + 4 + 8*o**2. Let m be a(-5). Suppose -s + 3*s = m. List the prime factors of s.
2, 11
Suppose 180 = 3*o - 552. List the prime factors of o.
2, 61
Suppose 2*l - 22 = -0*l + 2*f, 2*f = 4*l - 36. Suppose -o + l = o - i, o = -4*i - 1. List the prime factors of o.
3
Let a = -15 + 22. Suppose -55 = 2*g + a. List the prime factors of (-2)/10 - g/5.
2, 3
Let d be -98*((-3)/(-2) - 2). Let m = d - 34. Suppose m = 5*p - 2*p. List the prime factors of p.
5
Suppose -4*q - 3*v - 3 = 0, -3*v = -4*q + 18 + 9. Let r be ((-2)/(-4))/(q/12). Suppose 5 = -t + r*t. What are the prime factors of t?
5
What are the prime factors of (-6)/5*110/(-4)?
3, 11
Let k(v) = v**2 - 6*v + 1. Let h(t) = -13*t - 4. Let p be h(-3). Suppose 2*l - p = -3*l. What are the prime factors of k(l)?
2
Let j(b) = -b - 1. Let a be j(-5). Let m be a/(2*(0 - -1)). What are the prime factors of 38/5 - m/(-5)?
2
Suppose 4*z - 132 = 5*p - 538, 0 = 4*p - 4*z - 324. List the prime factors of p.
2, 41
What are the prime factors of (-4 + -7)*1*-1?
11
Let x(q) = -35*q + 11. List the prime factors of x(-4).
151
Suppose 3*z = -j - j + 414, -4*j + 414 = 3*z. What are the prime factors of z?
2, 3, 23
Suppose -605 = -0*r - 5*r. What are the prime factors of r?
11
Suppose x - 15 = -4*f, -f - 1 = x - 4. List the prime factors of (-1 + f)/((-1)/(-3)).
3
Let z = -461 - -671. List the prime factors of z.
2, 3, 5, 7
Let q = 7 + -5. List the prime factors of 1/(-2) - (-27)/q.
13
Let q be (15/(-6) + 3)*0. Suppose -33 = -p + 4*k - q, p - 51 = -5*k. Let i = -29 + p. List the prime factors of i.
2, 3
Let b(t) = t**3 - 3*t**2 + 5*t - 10. Let i be b(5). Let v = i + -38. List the prime factors of v.
3
Let j = 19 - 10. Suppose 5*o + 2*f - 8 = 0, -3*o + f + j - 2 = 0. List the prime factors of o.
2
Suppose 4*g = 3*g + 4*o, 0 = -4*g + 3*o + 13. Suppose 4*z - 142 = -5*u, -5*z + 24 = -g*u - 174. List the prime factors of z.
2, 19
List the prime factors of (0 - -1)/((-1)/(-77)).
7, 11
Let y(x) be the second derivative of -1/2*x**3 + 0*x**2 + 2*x + 0. What are the prime factors of y(-1)?
3
List the prime factors of (-10)/15*(-21)/2.
7
Let d be (3/6 + 0)*4. Let u(b) = 3*b**2 - 2*b - 2. List the prime factors of u(d).
2, 3
Let a(d) = d**3 - 5*d**2 - d - 2. List the prime factors of a(7).
89
Let n(j) be the third derivative of -j**6/120 + j**5/12 - j**4/8 + j**3/3 - j**2. List the prime factors of n(3).
11
Let k(u) = -u**3 + 4*u**2 + 6*u - 6. Let m be k(5). Let i be (-2)/(-4)*-2 - m. Suppose -4*f + 42 - 14 = i. What are the prime factors of f?
7
Let k = -4 - -4. Suppose -o - 3*o + 40 = k. List the prime factors of o.
2, 5
Let g be (6 - 6)/(2 - 1). Suppose 11*w - 10*w - 33 = g. List the prime factors of w.
3, 11
Let n be -1 - 1 - 0/(-2). Let r be 6*n*4/3. What are the prime factors of (-4)/r - 23/(-4)?
2, 3
Let s = 111 - 79. What are the prime factors of s?
2
Suppose 0 = -p + 4*p - 135. Suppose -2*g = g - p. List the prime factors of g.
3, 5
Let l = 3 - 6. Let o(n) = -2*n**3 - 4*n**2 + 2*n + 2. What are the prime factors of o(l)?
2, 7
Let d = 241 + -97. What are the prime factors of d?
2, 3
Suppose -618 = -0*q - 2*q + 4*a, -5*a - 615 = -2*q. What are the prime factors of q?
3, 5, 7
Let b be (-3)/6 - 3334/4. List the prime factors of 2/7 - b/21.
2, 5
Suppose -15 - 3 = -3*o. What are the prime factors of o?
2, 3
Suppose 6*j - 34 = 4*j. List the prime factors of j.
17
Suppose 5*t + 304 = 4*k + 14, t = -k + 77. Suppose -4*w = -239 + k. Suppose -5*r + w = -14. What are the prime factors of r?
11
List the prime factors of ((-2)/(-1))/(16/208).
2, 13
Let j = 54 + -30. What are the prime factors of j?
2, 3
Let r(i) = -i**3 - 6*i**2 - 2*i. Let z = -1 - -2. Let t be (-1)/z - (4 - -1). What are the prime factors of r(t)?
2, 3
Suppose -3*v = -c + 4*c - 9, 0 = v + 5*c + 9. Suppose v - 19 = -t - 2*i, 0 = -t - 4*i + 19. What are the prime factors of t?
7
Let l = 19 - 17. Suppose -2*r - l*v + 34 = 0, 0 = 5*r + 2*v - 71 + 1. What are the prime factors of r?
2, 3
Let y = -53 + 84. List the prime factors of y.
31
Suppose -3*h + 307 = 4*k, -k - k + 157 = 5*h. What are the prime factors of k?
2, 19
Let m = 12 + -7. Let o be 1*m + -5 + 4. What are the prime factors of (-1)/o - 165/(-20)?
2
Let t = 0 + 5. Suppose 45 = 5*i + 5*d, t*d = 3*d - 4. List the prime factors of i.
11
Suppose 3*i + 9 = -0*i. List the prime factors of 6 + (2 - i/(-3)).
7
Let i(q) = q**2 + 3*q. Let j be i(-6). List the prime factors of (-4)/(-6)*j/4.
3
Suppose 3*y - y = 250. What are the prime factors of y?
5
List the prime factors of (0 + 156)/4 - 1.
2, 19
Let k be 1/1 - (-1 - -2). Let w be 4 + -2 + k + -11. List the prime factors of 1 - (w - 0/3).
2, 5
Suppose -l = u - 6, 13 = 2*l + u + 2. Let z(k) = 2*k + 1. What are the prime factors of z(l)?
11
Suppose -5*s + 3*w = -w + 1, -3*w